 + 18. Suppose 4*u + 4 = -2*d + 12, 3*u = -4*d + 6. Let j be v(d). Suppose 67 = 5*h - 23. Calculate the greatest common factor of h and j.
18
Suppose 0 = -x - 1, 3*o - 4*x = -3*x - 80. Let w = 16 + o. Let i = -4 - w. What is the highest common factor of i and 7?
7
Let z(d) = -5*d + 2. Let a be z(6). Let y = -15 - 1. Let j = y - a. What is the greatest common divisor of 3 and j?
3
Suppose 0*c - c - 2*h + 5 = 0, 5*h - 10 = -2*c. Suppose c*r = 6*r - 18. Calculate the highest common divisor of r and 27.
9
Let x(s) = -s**3 + 14*s**2 - s + 16. Let a be x(14). Suppose 4*h + 4*c - 52 = 0, 0*h - 5*h + 71 = -c. What is the highest common factor of h and a?
2
Let p(l) = l**3 - 8*l**2 - 5*l - 14. Let a be p(9). Calculate the greatest common factor of 55 and a.
11
Let c be (-6)/(-21) + 7/((-147)/(-162)). Calculate the greatest common factor of c and 8.
8
Let i be (-9)/(-3) - -8*12. Suppose 22 = 5*f - 33. Calculate the highest common factor of i and f.
11
Suppose -a + 1 + 1 = 0, -n + 6 = a. Suppose 4*j - 152 = -n*l, -j + 2*l + 68 = j. Calculate the highest common divisor of 9 and j.
9
Suppose 0 = 9*a - 22*a + 520. Calculate the greatest common divisor of 10 and a.
10
Suppose -m + 5*k = -0*m - 13, -m - 2*k - 1 = 0. Suppose 0 = -4*w, -m*w = -4*n + w + 20. Calculate the greatest common divisor of 1 and n.
1
Suppose 0 = -2*p + p - 21. Let y = 36 + p. Calculate the highest common factor of 10 and y.
5
Let g be 1004/7 + (-132)/(-231). Let x(v) = -3*v + 4. Let a be x(-4). Calculate the greatest common divisor of g and a.
16
Suppose 0 = -b + 9 + 3. Suppose -c = 5*o - 55 + 10, -o + 93 = 3*c. Calculate the highest common factor of b and c.
6
Let x = -2 - -2. Suppose -5*u + 25 = -x*u. Suppose -14 = u*f - 64. What is the greatest common factor of 5 and f?
5
Let g = 3 + 29. Calculate the highest common factor of g and 48.
16
Let i = -30 + 42. Calculate the greatest common divisor of 24 and i.
12
Let t be ((-1)/2)/((-5)/30). Let z(r) = -5*r - 28. Let d be z(-11). What is the greatest common divisor of d and t?
3
Let s be 6*10*(-1)/(-2). Suppose 0*u = 5*u - s. What is the greatest common factor of 48 and u?
6
Let x(n) = -10*n**2 + 2*n + 1. Let m(y) = -21*y**2 + 4*y + 2. Let b(d) = 4*m(d) - 9*x(d). Let r be b(2). What is the highest common divisor of r and 38?
19
Suppose -67 = -5*w - 7. Let v = 128 + w. Let l = -77 + v. What is the greatest common factor of l and 9?
9
Let n be 2/6 - (-23)/3. Suppose 140 = 4*d + 4*i, -167 = -5*d + 3*i - n. What is the greatest common factor of 3 and d?
3
Let v be -2 + 0 + (20 - -1). Suppose -4 = 5*n - v. Suppose -8 - 10 = -n*x. What is the greatest common factor of 24 and x?
6
Suppose 2*f + 105 = 7*f. Let g be ((-21)/6)/(3/(-6)). What is the highest common factor of f and g?
7
Let k(t) = 0 - t - 1 + 4*t. Let c be k(5). Suppose 7 = y + 2*z, 0 = -y + z + 7 - 0. What is the highest common factor of y and c?
7
Let l be 1 - 1 - (-3 + -20). Calculate the highest common factor of l and 184.
23
Let z be 114/8 - (-21)/(-84). What is the greatest common factor of z and 14?
14
Let y(q) = 12*q. Let n be y(5). Suppose 8*h - n = 3*h. Suppose 8*d + 21 = z + 5*d, 2*d + 66 = 5*z. What is the highest common divisor of h and z?
12
Let g be (30/(-4))/(6/(-8)). Suppose 72 = 3*p + p. Let n = 58 - p. What is the highest common divisor of g and n?
10
Let h(l) = 5*l + 20. Let q(m) = -2*m - 7. Let y(f) = 6*h(f) + 17*q(f). Let d be y(3). Let s = 33 + d. Calculate the greatest common divisor of s and 2.
2
Let l = -26 + 56. What is the greatest common factor of 240 and l?
30
Suppose 16 = -4*m + 4*t, -3*m - 3*t + 5 = -13. Let g = -44 + 20. Let x be -2 - m - -1 - g. Calculate the highest common factor of x and 176.
22
Suppose 6*a - 2*a - 4 = 0. Let c be (-12)/(-30) + (-136)/(-10). Suppose -c = -3*b + a. Calculate the highest common factor of b and 25.
5
Suppose 0*g + 3*c = g - 110, -3*g + 278 = 4*c. Let f(h) = 3*h**2 - 3*h - h**2 + 6 - 2*h - h. Let t be f(4). Calculate the greatest common factor of g and t.
14
Suppose k + g - 47 = -3*k, 5*k - 59 = -g. What is the greatest common divisor of 132 and k?
12
Let b = -5 + 9. Suppose -217 + 37 = -5*a. What is the greatest common divisor of a and b?
4
Let w(a) = -a**3 + 6*a**2 - 6*a - 3. Let v = -6 + 11. Let y be w(v). Let f be (-5)/(-2) + 4/y. What is the highest common divisor of 6 and f?
2
Let a(d) = 18*d + 2. Let m(h) = -h. Let t be 4/(-14) - (-258)/21. Let q(s) = t*m(s) + a(s). Let v be q(3). What is the greatest common divisor of v and 10?
10
Suppose -5*v - 17 = -62. Calculate the greatest common divisor of 3 and v.
3
Let b(p) = -5*p - 1 + 2*p + 3*p - p. Let f be b(-6). Suppose -4*u - u + 175 = 0. What is the highest common divisor of u and f?
5
Let d(v) = v**3 + 7. Suppose 2*l = -l. Let p be d(l). Let z = p + -4. Calculate the greatest common factor of 3 and z.
3
Let k = 7 + 29. Suppose -3*i + 8 = 5*f, -i + 4*f - 22 = -6*i. Suppose 3*r - 31 = -5*y, 4*y + 46 = 4*r + i*y. What is the greatest common divisor of r and k?
12
Suppose 10*t + 40 = -5*n + 5*t, -n + t = 0. Let d be ((-12)/(-3))/(n/(-6)). What is the greatest common divisor of d and 12?
6
Suppose -3*v - 3*x + 2*x + 41 = 0, -2*v - 2*x = -34. Let a = -8 - -9. Let h(c) = 61*c - 1. Let u be h(a). Calculate the greatest common divisor of u and v.
12
Let s = -89 + 50. Let d be (s/(-4))/((-9)/(-48)). Suppose -2*y = -2, 0*g = -3*g - 4*y + d. What is the highest common factor of 144 and g?
16
Let k = -5 + 7. Let t be -90*(-1)/(3/k). Let c be (2 + 1 + -4)/((-1)/24). What is the greatest common divisor of c and t?
12
Suppose -4*r + 2*r = -98. Suppose 5 = 3*u - r. What is the greatest common divisor of 27 and u?
9
Suppose -10 = -2*h, -5*n - 3*h + 21 = -4*n. Suppose 32 = 2*r + 5*l, 3*l + 0*l = r + 6. Let f = 8 - r. Calculate the highest common factor of f and n.
2
Let w be 36/5 + (-5)/25. What is the highest common divisor of 28 and w?
7
Suppose -19 = -z + 37. Let c be (16/5)/((-2)/(-5)). What is the highest common factor of c and z?
8
Let u be (-1)/(-1) - 1*-2. Suppose -u*s - 2*s = -100. Calculate the highest common divisor of 5 and s.
5
Let t(y) = -y + 79. Let w be t(15). What is the highest common factor of w and 8?
8
Suppose 0 = 8*x - 831 + 127. What is the highest common factor of x and 8?
8
Let k(d) = 12*d**2 + 2*d + 1. Suppose 17 = f - 2*f - 5*u, 0 = 2*f + u - 2. Let y be k(f). Let h = y + -59. Calculate the greatest common factor of h and 7.
7
Suppose -2 = c - 4. What is the greatest common divisor of c and 6?
2
Let k be (54/(-8))/((-1)/(-16)). Let i = k - -172. Calculate the highest common divisor of 8 and i.
8
Suppose 11 + 44 = 5*a - m, -4*a = 4*m - 44. Calculate the greatest common factor of 88 and a.
11
Let w be 9/1*(-10)/(-3). Suppose 3*f = 4*f. Suppose f*b + 12 = b. What is the greatest common factor of w and b?
6
Let d = 8 - 6. Let t be (0 + d)/((-10)/(-30)). Calculate the highest common factor of t and 66.
6
Suppose -3 - 7 = -2*p. Let b(a) = a**2 + 2*a + 10. Let k be b(-7). Calculate the greatest common divisor of p and k.
5
Let r(s) = -4*s - 13. Let j be r(-6). Calculate the highest common divisor of 33 and j.
11
Let z(p) = p**2 - 11*p - 6. Let a be z(14). What is the greatest common factor of a and 4?
4
Let q = 18 + -3. Suppose 0 = -5*z + q. What is the highest common divisor of 21 and z?
3
Suppose j = i + 9, -3*i + 7*i = -5*j. Let r = 3 + -1. Let t be -1 + r + (-5 - -36). What is the greatest common divisor of t and j?
4
Let g be 124/24 - (-2)/(-12). Let x = 5 - 2. Suppose 0 = 4*d - 2*z - x*z + 7, -2*d + 3*z = 5. Calculate the highest common factor of d and g.
1
Let d = 17 + -11. Let h = 6 - 6. Let t(o) = -o**2 + 3. Let j be t(h). What is the greatest common factor of d and j?
3
Let t be 56/18*72/16. What is the greatest common factor of t and 4?
2
Let r(o) = -o**3 + 10*o**2 - 9*o - 12. Let j be r(9). Let y be (j/14)/((-2)/294). What is the highest common factor of y and 18?
18
Let w = -6 - -12. Let a be 27 - (-2 + (-10)/(-2)). Calculate the highest common factor of a and w.
6
Let p(c) = -11*c + 17. Let a be p(-5). What is the greatest common divisor of a and 8?
8
Let s(v) = 2*v**2 + 3*v - 2. Let p be s(-4). Calculate the greatest common factor of 198 and p.
18
Suppose -2*b + 10 = -5*r, 3*r - 4 = 2*b - 10. Suppose -4*l + 0 + 8 = b. What is the highest com